{"id":87,"date":"2024-03-11T17:53:34","date_gmt":"2024-03-11T17:53:34","guid":{"rendered":"https:\/\/xn--cdric-photographies-bzb.fr\/?page_id=87"},"modified":"2024-03-11T18:16:12","modified_gmt":"2024-03-11T18:16:12","slug":"a-propos","status":"publish","type":"page","link":"https:\/\/xn--cdric-photographies-bzb.fr\/index.php\/a-propos\/","title":{"rendered":"A propos"},"content":{"rendered":"\n<p class=\"has-contrast-color has-accent-2-background-color has-text-color has-background has-link-color has-medium-font-size wp-elements-37876902fbc2d68df3e76dec128cf534\">Bonjour et bienvenue sur mon site situ\u00e9 sur la cote d \u2018opale, je suis passionn\u00e9 de photographie depuis toujours , je me suis forg\u00e9 un \u0153il aguerri gr\u00e2ce a mes formations diverses et mes nombreux voyages a travers le monde. vous retrouverez ici la plupart de mes photos en haute qualit\u00e9. Je vous invite \u00e0 visiter mon site ainsi que ma page Facebook et Instagram. N\u2019h\u00e9sitez pas \u00e0 me contacter je suis disponible pour tout projet.<\/p>\n","protected":false},"excerpt":{"rendered":"<p>Bonjour et bienvenue sur mon site situ\u00e9 sur la cote d \u2018opale, je suis passionn\u00e9 de photographie depuis toujours , je me suis forg\u00e9 un \u0153il aguerri gr\u00e2ce a mes formations diverses et mes nombreux voyages a travers le monde. vous retrouverez ici la plupart de mes photos en haute qualit\u00e9. Je vous invite \u00e0 [&hellip;]<\/p>\n","protected":false},"author":1,"featured_media":0,"parent":0,"menu_order":0,"comment_status":"closed","ping_status":"closed","template":"","meta":{"footnotes":""},"class_list":["post-87","page","type-page","status-publish","hentry"],"_links":{"self":[{"href":"https:\/\/xn--cdric-photographies-bzb.fr\/index.php\/wp-json\/wp\/v2\/pages\/87","targetHints":{"allow":["GET"]}}],"collection":[{"href":"https:\/\/xn--cdric-photographies-bzb.fr\/index.php\/wp-json\/wp\/v2\/pages"}],"about":[{"href":"https:\/\/xn--cdric-photographies-bzb.fr\/index.php\/wp-json\/wp\/v2\/types\/page"}],"author":[{"embeddable":true,"href":"https:\/\/xn--cdric-photographies-bzb.fr\/index.php\/wp-json\/wp\/v2\/users\/1"}],"replies":[{"embeddable":true,"href":"https:\/\/xn--cdric-photographies-bzb.fr\/index.php\/wp-json\/wp\/v2\/comments?post=87"}],"version-history":[{"count":4,"href":"https:\/\/xn--cdric-photographies-bzb.fr\/index.php\/wp-json\/wp\/v2\/pages\/87\/revisions"}],"predecessor-version":[{"id":142,"href":"https:\/\/xn--cdric-photographies-bzb.fr\/index.php\/wp-json\/wp\/v2\/pages\/87\/revisions\/142"}],"wp:attachment":[{"href":"https:\/\/xn--cdric-photographies-bzb.fr\/index.php\/wp-json\/wp\/v2\/media?parent=87"}],"curies":[{"name":"wp","href":"https:\/\/api.w.org\/{rel}","templated":true}]}}